{"id":11451,"date":"2020-12-23T10:21:47","date_gmt":"2020-12-23T09:21:47","guid":{"rendered":"https:\/\/francesca-costanza.com\/ong\/?page_id=11451"},"modified":"2024-01-15T12:00:43","modified_gmt":"2024-01-15T11:00:43","slug":"projets-de-realisations","status":"publish","type":"page","link":"https:\/\/francesca-costanza.com\/ong\/projets-de-realisations\/","title":{"rendered":"Projets de r\u00e9alisations"},"content":{"rendered":"\t\t<div data-elementor-type=\"wp-post\" data-elementor-id=\"11451\" class=\"elementor elementor-11451\" data-elementor-settings=\"[]\">\n\t\t\t\t\t\t<div class=\"elementor-inner\">\n\t\t\t\t\t\t\t<div class=\"elementor-section-wrap\">\n\t\t\t\t\t\t\t<section class=\"elementor-section elementor-top-section elementor-element elementor-element-b6636e9 elementor-section-stretched elementor-section-boxed elementor-section-height-default elementor-section-height-default\" data-id=\"b6636e9\" data-element_type=\"section\" data-settings=\"{&quot;background_background&quot;:&quot;classic&quot;,&quot;stretch_section&quot;:&quot;section-stretched&quot;}\">\n\t\t\t\t\t\t<div class=\"elementor-container elementor-column-gap-default\">\n\t\t\t\t\t\t\t<div class=\"elementor-row\">\n\t\t\t\t\t<div class=\"elementor-column elementor-col-100 elementor-top-column elementor-element elementor-element-dfb2c6d\" data-id=\"dfb2c6d\" data-element_type=\"column\">\n\t\t\t<div class=\"elementor-column-wrap elementor-element-populated\">\n\t\t\t\t\t\t\t<div class=\"elementor-widget-wrap\">\n\t\t\t\t\t\t\t\t<\/div>\n\t\t\t\t\t<\/div>\n\t\t<\/div>\n\t\t\t\t\t\t\t\t<\/div>\n\t\t\t\t\t<\/div>\n\t\t<\/section>\n\t\t\t\t<section class=\"elementor-section elementor-top-section elementor-element elementor-element-56fc1da elementor-section-boxed elementor-section-height-default elementor-section-height-default\" data-id=\"56fc1da\" data-element_type=\"section\" data-settings=\"{&quot;background_background&quot;:&quot;classic&quot;}\">\n\t\t\t\t\t\t<div class=\"elementor-container elementor-column-gap-default\">\n\t\t\t\t\t\t\t<div class=\"elementor-row\">\n\t\t\t\t\t<div class=\"elementor-column elementor-col-50 elementor-top-column elementor-element elementor-element-41838b1\" data-id=\"41838b1\" data-element_type=\"column\">\n\t\t\t<div class=\"elementor-column-wrap elementor-element-populated\">\n\t\t\t\t\t\t\t<div class=\"elementor-widget-wrap\">\n\t\t\t\t\t\t<div class=\"elementor-element elementor-element-e62718e elementor-widget elementor-widget-image\" data-id=\"e62718e\" data-element_type=\"widget\" data-widget_type=\"image.default\">\n\t\t\t\t<div class=\"elementor-widget-container\">\n\t\t\t\t\t<div class=\"elementor-image\">\n\t\t\t\t\t\t\t\t\t\t<img width=\"573\" height=\"595\" src=\"https:\/\/francesca-costanza.com\/ong\/wp-content\/uploads\/sites\/5\/2019\/11\/ong-title.png\" class=\"attachment-full size-full\" alt=\"\" decoding=\"async\" loading=\"lazy\" srcset=\"https:\/\/francesca-costanza.com\/ong\/wp-content\/uploads\/sites\/5\/2019\/11\/ong-title.png 573w, https:\/\/francesca-costanza.com\/ong\/wp-content\/uploads\/sites\/5\/2019\/11\/ong-title-300x312.png 300w, https:\/\/francesca-costanza.com\/ong\/wp-content\/uploads\/sites\/5\/2019\/11\/ong-title-289x300.png 289w\" sizes=\"(max-width: 573px) 100vw, 573px\" \/>\t\t\t\t\t\t\t\t\t\t\t<\/div>\n\t\t\t\t<\/div>\n\t\t\t\t<\/div>\n\t\t\t\t\t\t<\/div>\n\t\t\t\t\t<\/div>\n\t\t<\/div>\n\t\t\t\t<div class=\"elementor-column elementor-col-50 elementor-top-column elementor-element elementor-element-c5715dc\" data-id=\"c5715dc\" data-element_type=\"column\">\n\t\t\t<div class=\"elementor-column-wrap elementor-element-populated\">\n\t\t\t\t\t\t\t<div class=\"elementor-widget-wrap\">\n\t\t\t\t\t\t<div class=\"elementor-element elementor-element-57e6996 elementor-widget elementor-widget-heading\" data-id=\"57e6996\" data-element_type=\"widget\" data-widget_type=\"heading.default\">\n\t\t\t\t<div class=\"elementor-widget-container\">\n\t\t\t<h4 class=\"elementor-heading-title elementor-size-default\">Mission de l'association<\/h4>\t\t<\/div>\n\t\t\t\t<\/div>\n\t\t\t\t<div class=\"elementor-element elementor-element-a6acd69 elementor-widget elementor-widget-text-editor\" data-id=\"a6acd69\" data-element_type=\"widget\" data-widget_type=\"text-editor.default\">\n\t\t\t\t<div class=\"elementor-widget-container\">\n\t\t\t\t\t<div class=\"elementor-text-editor elementor-clearfix\"><ul class=\"why-choose-list-two\"><li>Je suis Francesca Angela Costanza <b>fondatrice <\/b>de l&#8217;ONG &#8220;Souls Rights Protection&#8221;. J&#8217;ai pour mission de r\u00e9unir et guider au sein de ce collectif sens\u00e9 des citoyens appel\u00e9s \u00e0 agir pour le bien et la survie de la communaut\u00e9 humaine, ainsi que de son environnement.<\/li><li>Je suis appel\u00e9e \u00e0 regrouper tous les \u00eatres humains de bonne volont\u00e9 et inspir\u00e9s par la conscience des choses et de la vie, pour activer en eux leur puissance, pour les guider dans leurs \u0153uvres et les prot\u00e9ger.<\/li><li>Je suis appel\u00e9e a cr\u00e9er cette structure associative qui sera &#8220;le corps&#8221; recevant la force de la vie.<\/li><li>Je suis appel\u00e9e \u00e0 trouver un lieu pour incarner cet Esprit qui nous habite.<\/li><\/ul><\/div>\n\t\t\t\t<\/div>\n\t\t\t\t<\/div>\n\t\t\t\t\t\t<\/div>\n\t\t\t\t\t<\/div>\n\t\t<\/div>\n\t\t\t\t\t\t\t\t<\/div>\n\t\t\t\t\t<\/div>\n\t\t<\/section>\n\t\t\t\t<section class=\"elementor-section elementor-top-section elementor-element elementor-element-cdef2d5 elementor-section-boxed elementor-section-height-default elementor-section-height-default\" data-id=\"cdef2d5\" data-element_type=\"section\">\n\t\t\t\t\t\t<div class=\"elementor-container elementor-column-gap-default\">\n\t\t\t\t\t\t\t<div class=\"elementor-row\">\n\t\t\t\t\t<div class=\"elementor-column elementor-col-100 elementor-top-column elementor-element elementor-element-50bf962\" data-id=\"50bf962\" data-element_type=\"column\">\n\t\t\t<div class=\"elementor-column-wrap elementor-element-populated\">\n\t\t\t\t\t\t\t<div class=\"elementor-widget-wrap\">\n\t\t\t\t\t\t<section class=\"elementor-section elementor-inner-section elementor-element elementor-element-b83b15c elementor-section-boxed elementor-section-height-default elementor-section-height-default\" data-id=\"b83b15c\" data-element_type=\"section\">\n\t\t\t\t\t\t<div class=\"elementor-container elementor-column-gap-default\">\n\t\t\t\t\t\t\t<div class=\"elementor-row\">\n\t\t\t\t\t<div class=\"elementor-column elementor-col-33 elementor-inner-column elementor-element elementor-element-4d1cb27\" data-id=\"4d1cb27\" data-element_type=\"column\">\n\t\t\t<div class=\"elementor-column-wrap\">\n\t\t\t\t\t\t\t<div class=\"elementor-widget-wrap\">\n\t\t\t\t\t\t\t\t<\/div>\n\t\t\t\t\t<\/div>\n\t\t<\/div>\n\t\t\t\t<div class=\"elementor-column elementor-col-33 elementor-inner-column elementor-element elementor-element-293bf3b\" data-id=\"293bf3b\" data-element_type=\"column\">\n\t\t\t<div class=\"elementor-column-wrap elementor-element-populated\">\n\t\t\t\t\t\t\t<div class=\"elementor-widget-wrap\">\n\t\t\t\t\t\t<div class=\"elementor-element elementor-element-27ef868 elementor-widget elementor-widget-heading\" data-id=\"27ef868\" data-element_type=\"widget\" data-widget_type=\"heading.default\">\n\t\t\t\t<div class=\"elementor-widget-container\">\n\t\t\t<h4 class=\"elementor-heading-title elementor-size-default\">Projets de R\u00e9alisations et Grand Appel<\/h4>\t\t<\/div>\n\t\t\t\t<\/div>\n\t\t\t\t<div class=\"elementor-element elementor-element-284f0e4 elementor-widget elementor-widget-text-editor\" data-id=\"284f0e4\" data-element_type=\"widget\" data-widget_type=\"text-editor.default\">\n\t\t\t\t<div class=\"elementor-widget-container\">\n\t\t\t\t\t<div class=\"elementor-text-editor elementor-clearfix\"><ul class=\"why-choose-list-two\"><li>J&#8217;appelle \u00e0 nous tous les <b>citoyens<\/b> <b>croyants en la bont\u00e9 de l&#8217;Humain\u00a0<\/b>et partageant les m\u00eame valeurs, \u00e0\u00a0venir nous aider a fonder ensemble, une communaut\u00e9 fraternelle et experte.<\/li><li>J&#8217;appelle \u00e0 nous des personnes souhaitant partager avec notre collectif, <b>leurs comp\u00e9tences et expertises\u00a0<\/b>et cela dans chaque cat\u00e9gorie <b>socioprofessionnelle<\/b>.<\/li><li>J&#8217;appelle \u00e0 nous toutes les personnes de bonne volont\u00e9 souhaitant participer activement \u00e0 la solidarit\u00e9 et au soutien entre adh\u00e9rents.<\/li><li>J&#8217;appelle \u00e0 nous toutes les personnes en capacit\u00e9 de <b>soutenir financi\u00e8rement<\/b> les projets de L&#8217;ONG comme:<\/li><li><b>\u00a0l&#8217;acquisition de mat\u00e9riel pour les soins et convalescence, l&#8217;enseignement, les actions humanitaires.<\/b><\/li><li><b><u>l&#8217;acquisition ou la mise \u00e0 disposition d&#8217;un lieu permettant<\/u><\/b>:<\/li><li>\u00a0le regroupement, les soins, l&#8217;enseignement et la protection des membres.<\/li><li>\u00a0le stockage des biens communs et ressources,\u00a0<\/li><li>la r\u00e9flexion et la recherche pour l&#8217;am\u00e9lioration des conditions de vies du citoyens sur le territoire Fran\u00e7ais et international.<\/li><\/ul><\/div>\n\t\t\t\t<\/div>\n\t\t\t\t<\/div>\n\t\t\t\t\t\t<\/div>\n\t\t\t\t\t<\/div>\n\t\t<\/div>\n\t\t\t\t<div class=\"elementor-column elementor-col-33 elementor-inner-column elementor-element elementor-element-d9d4e3a\" data-id=\"d9d4e3a\" data-element_type=\"column\">\n\t\t\t<div class=\"elementor-column-wrap\">\n\t\t\t\t\t\t\t<div class=\"elementor-widget-wrap\">\n\t\t\t\t\t\t\t\t<\/div>\n\t\t\t\t\t<\/div>\n\t\t<\/div>\n\t\t\t\t\t\t\t\t<\/div>\n\t\t\t\t\t<\/div>\n\t\t<\/section>\n\t\t\t\t\t\t<\/div>\n\t\t\t\t\t<\/div>\n\t\t<\/div>\n\t\t\t\t\t\t\t\t<\/div>\n\t\t\t\t\t<\/div>\n\t\t<\/section>\n\t\t\t\t\t\t<\/div>\n\t\t\t\t\t\t<\/div>\n\t\t\t\t\t<\/div>\n\t\t","protected":false},"excerpt":{"rendered":"<p>Mission de l&#8217;association Je suis Francesca Angela Costanza fondatrice de l&#8217;ONG &#8220;Souls Rights Protection&#8221;. J&#8217;ai pour mission de r\u00e9unir et guider au sein de ce collectif sens\u00e9 des citoyens appel\u00e9s \u00e0 agir pour le bien et la survie de la communaut\u00e9 humaine, ainsi que de son environnement. Je suis appel\u00e9e \u00e0 regrouper tous les \u00eatres [&hellip;]<\/p>\n","protected":false},"author":1,"featured_media":0,"parent":0,"menu_order":0,"comment_status":"closed","ping_status":"closed","template":"elementor_header_footer","meta":[],"_links":{"self":[{"href":"https:\/\/francesca-costanza.com\/ong\/wp-json\/wp\/v2\/pages\/11451"}],"collection":[{"href":"https:\/\/francesca-costanza.com\/ong\/wp-json\/wp\/v2\/pages"}],"about":[{"href":"https:\/\/francesca-costanza.com\/ong\/wp-json\/wp\/v2\/types\/page"}],"author":[{"embeddable":true,"href":"https:\/\/francesca-costanza.com\/ong\/wp-json\/wp\/v2\/users\/1"}],"replies":[{"embeddable":true,"href":"https:\/\/francesca-costanza.com\/ong\/wp-json\/wp\/v2\/comments?post=11451"}],"version-history":[{"count":20,"href":"https:\/\/francesca-costanza.com\/ong\/wp-json\/wp\/v2\/pages\/11451\/revisions"}],"predecessor-version":[{"id":11576,"href":"https:\/\/francesca-costanza.com\/ong\/wp-json\/wp\/v2\/pages\/11451\/revisions\/11576"}],"wp:attachment":[{"href":"https:\/\/francesca-costanza.com\/ong\/wp-json\/wp\/v2\/media?parent=11451"}],"curies":[{"name":"wp","href":"https:\/\/api.w.org\/{rel}","templated":true}]}}